{"id":1407,"date":"2024-01-15T16:56:51","date_gmt":"2024-01-15T16:56:51","guid":{"rendered":"https:\/\/freiesjugendzentrum.de\/?post_type=tribe_events&#038;p=1407"},"modified":"2024-01-15T16:56:51","modified_gmt":"2024-01-15T16:56:51","slug":"adventsfenster-2023","status":"publish","type":"tribe_events","link":"https:\/\/freiesjugendzentrum.de\/index.php\/event\/adventsfenster-2023\/","title":{"rendered":"Adventsfenster 2023"},"content":{"rendered":"<p>Der allerkleinste Tannenbaum<\/p>\n<p>Auch dieses Jahr beteiligten sich die Kinder und Jugendlichen wieder am vorweihnachtlichen Adventsfenster. Die Besucher\/innen gestalteten das gro\u00dfe Eingangsfenster.<br \/>\nViele Eltern, Freunde und G\u00e4ste besuchten am 12.12.2023 das Freie Jugendzentrum zum gemeinsamen Singen, Staunen und geselligen Zusammensein bei Pl\u00e4tzchen und hei\u00dfem Getr\u00e4nk.<br \/>\nEin sehr sch\u00f6ner, gelungener Abend!<\/p>\n","protected":false},"excerpt":{"rendered":"<p>Der allerkleinste Tannenbaum Auch dieses Jahr beteiligten sich die Kinder und Jugendlichen wieder am vorweihnachtlichen Adventsfenster. Die Besucher\/innen gestalteten das gro\u00dfe Eingangsfenster. Viele Eltern, Freunde und G\u00e4ste besuchten am 12.12.2023&hellip;&nbsp;<a href=\"https:\/\/freiesjugendzentrum.de\/index.php\/event\/adventsfenster-2023\/\" class=\"\" rel=\"bookmark\">Weiterlesen &raquo;<span class=\"screen-reader-text\">Adventsfenster 2023<\/span><\/a><\/p>\n","protected":false},"author":1,"featured_media":1409,"template":"","meta":{"_crdt_document":"","neve_meta_sidebar":"","neve_meta_container":"","neve_meta_enable_content_width":"","neve_meta_content_width":0,"neve_meta_title_alignment":"","neve_meta_author_avatar":"","neve_post_elements_order":"","neve_meta_disable_header":"","neve_meta_disable_footer":"","neve_meta_disable_title":"","_tribe_events_status":"","_tribe_events_status_reason":"","footnotes":""},"tags":[],"tribe_events_cat":[],"class_list":["post-1407","tribe_events","type-tribe_events","status-publish","has-post-thumbnail","hentry"],"_links":{"self":[{"href":"https:\/\/freiesjugendzentrum.de\/index.php\/wp-json\/wp\/v2\/tribe_events\/1407","targetHints":{"allow":["GET"]}}],"collection":[{"href":"https:\/\/freiesjugendzentrum.de\/index.php\/wp-json\/wp\/v2\/tribe_events"}],"about":[{"href":"https:\/\/freiesjugendzentrum.de\/index.php\/wp-json\/wp\/v2\/types\/tribe_events"}],"author":[{"embeddable":true,"href":"https:\/\/freiesjugendzentrum.de\/index.php\/wp-json\/wp\/v2\/users\/1"}],"version-history":[{"count":1,"href":"https:\/\/freiesjugendzentrum.de\/index.php\/wp-json\/wp\/v2\/tribe_events\/1407\/revisions"}],"predecessor-version":[{"id":1408,"href":"https:\/\/freiesjugendzentrum.de\/index.php\/wp-json\/wp\/v2\/tribe_events\/1407\/revisions\/1408"}],"wp:featuredmedia":[{"embeddable":true,"href":"https:\/\/freiesjugendzentrum.de\/index.php\/wp-json\/wp\/v2\/media\/1409"}],"wp:attachment":[{"href":"https:\/\/freiesjugendzentrum.de\/index.php\/wp-json\/wp\/v2\/media?parent=1407"}],"wp:term":[{"taxonomy":"post_tag","embeddable":true,"href":"https:\/\/freiesjugendzentrum.de\/index.php\/wp-json\/wp\/v2\/tags?post=1407"},{"taxonomy":"tribe_events_cat","embeddable":true,"href":"https:\/\/freiesjugendzentrum.de\/index.php\/wp-json\/wp\/v2\/tribe_events_cat?post=1407"}],"curies":[{"name":"wp","href":"https:\/\/api.w.org\/{rel}","templated":true}]}}

<p>Der allerkleinste Tannenbaum</p>
<p>Auch dieses Jahr beteiligten sich die Kinder und Jugendlichen wieder am vorweihnachtlichen Adventsfenster. Die Besucher/innen gestalteten das große Eingangsfenster.<br />
Viele Eltern, Freunde und Gäste besuchten am 12.12.2023 das Freie Jugendzentrum zum gemeinsamen Singen, Staunen und geselligen Zusammensein bei Plätzchen und heißem Getränk.<br />
Ein sehr schöner, gelungener Abend!</p>

<p>Der allerkleinste Tannenbaum Auch dieses Jahr beteiligten sich die Kinder und Jugendlichen wieder am vorweihnachtlichen Adventsfenster. Die Besucher/innen gestalteten das große Eingangsfenster. Viele Eltern, Freunde und Gäste besuchten am 12.12.2023&hellip;&nbsp;<a href="https://freiesjugendzentrum.de/index.php/event/adventsfenster-2023/" class="" rel="bookmark">Weiterlesen &raquo;<span class="screen-reader-text">Adventsfenster 2023</span></a></p>
